26
Let l(r) = -2*r**3 - 128*r**2 - r + 26. Calculate the remainder when 311 is divided by l(-64).
41
Let p(s) = s**2 + 4*s - 19. Let h be p(3). Suppose 65 + 46 = 3*c. Let g = c + h. Calculate the remainder when g is divided by 9.
3
Let j = 330 + -3. Let k(l) = -16*l - 15. What is the remainder when j is divided by k(-3)?
30
Suppose -5855 - 396 = -7*j. Let s = 1291 - j. What is the remainder when s is divided by 10?
8
Let v = -110 - 86. Let l = v + 302. Let y(w) = w**3 + 5*w**2 - 3*w + 3. Calculate the remainder when l is divided by y(-5).
16
Let w = 321 - 319. Suppose 2*a + 7*v - w*v = 87, 0 = -a + 3*v + 38. Calculate the remainder when a is divided by 11.
8
Suppose 4*d + 6 = -2*g, -5*g + 2*d = -21 - 0. Suppose 0 = 3*r - 0*n - 4*n, -g*n = -r - 5. Suppose r*x - 15 = 69. What is the remainder when 37 is divided by x?
16
Suppose 0 = -4*k - 2*v + 8414, -75*k + 76*k = -4*v + 2093. What is the remainder when k is divided by 87?
17
Suppose -2*n + 3*f = -0*f - 568, n - 5*f - 298 = 0. Let o = n + -261. Calculate the remainder when 82 is divided by o.
14
Let n(q) = -22*q - 70. Let s = 924 - 930. What is the remainder when n(s) is divided by 11?
7
Suppose -5 = -3*m + 154. What is the remainder when m is divided by ((-258)/1677)/((-1)/91)?
11
Let h(l) = -4*l - 2. Let t(k) = k**3 - 151*k**2 + 303*k - 736. What is the remainder when h(-4) is divided by t(149)?
5
Suppose -2*h - 4 = -3*h. Let r = -220 - 106. Calculate the remainder when (-8)/(-44) - r/22 is divided by h.
3
Suppose 18*y = 30*y - 2*q - 218, -2*y - 1 = 5*q. Let g(i) = 9*i + 2. What is the remainder when g(5) is divided by y?
13
Let h(r) = r**2 - 77*r + 683. Calculate the remainder when 766 is divided by h(67).
12
Let z(j) = -1923*j - 10912. Calculate the remainder when z(-10) is divided by 13.
11
Let v(f) = f**3 - 21*f**2 + 31*f - 17. Let r = 297 + -245. What is the remainder when v(20) is divided by r?
47
Let a be (0 + 0)/(-6*4/(-12)). Suppose 12*s - 16*s + 124 = a. What is the remainder when 309 is divided by s?
30
Let u = 76 - -55. Suppose -9 - u = -z. Suppose 8*f - 3*f = z. What is the remainder when 54 is divided by f?
26
Let f(i) = 2*i**2 - 11*i - 1739. Calculate the remainder when f(-31) is divided by 89.
79
Let q = -314 - -343. Let h = 225 - -35. What is the remainder when h is divided by q?
28
Let m(k) = -k**3 - 20*k**2 + k + 75. Let j(h) = 7*h**2 + 3*h + 2. What is the remainder when j(-5) is divided by m(-20)?
52
Let t(s) = s**2 - 28*s + 23. Let g be t(27). Calculate the remainder when 26 is divided by 3/(9/g)*-15.
6
Let n(y) = 2*y**2 - 1468 + y**3 + 1465 - y**2. Calculate the remainder when (-242)/(-8) - (-1)/(-4) is divided by n(2).
3
Let s = 380 - 502. Let u = s - -168. Calculate the remainder when u is divided by 27.
19
Suppose 0 = -a, -11*f + 289 = -12*f + 4*a. Let n = f + 341. Suppose -2*t = 4*q - 32, -2*t + 4*t - 2*q - 2 = 0. What is the remainder when n is divided by t?
4
Let p(a) = 825*a - 606. Calculate the remainder when p(1) is divided by 10.
9
Suppose 4*r + 680 = 3*q, -4*q - r + 902 = -4*r. Suppose q = 56*l - 42*l. What is the remainder when 18 is divided by l?
2
Suppose -4*h + 0*r + 100 = 2*r, r = -3*h + 76. Calculate the remainder when 111 is divided by h.
7
Let z = -40 - -63. Let x(q) = -3*q**2 + 52*q - 120. Calculate the remainder when x(4) is divided by z.
17
Let q = 3272 + -2652. What is the remainder when q is divided by 48?
44
Let t(l) = l**2 - 24*l + 38. Let r be t(23). Let n(k) = -k**3 + 15*k**2 + 3*k - 6. What is the remainder when n(r) is divided by (-90)/(-9)*9/15?
3
Suppose 33*u - 29*u = 20, 5*u = -3*k + 2914. Calculate the remainder when k is divided by 6.
3
What is the remainder when 809 is divided by 2/((1 + (-21)/30)*(-5)/(-39))?
29
Suppose 1227*n - 1220*n = 651. Calculate the remainder when 462 is divided by n.
90
Suppose 0 = -f - 2*f + 5*j + 11, f + 2*j = 0. What is the remainder when 12/36*(10 - (-71 + -6)) is divided by ((-16)/10)/(f/(-10))?
5
Suppose -l = -4*j - 23, j + j - 128 = -4*l. Let z = 616 - 530. What is the remainder when z is divided by l?
24
Let s = -404 + 401. What is the remainder when 176 is divided by 10/(-30) + 1 - 121/s?
12
Suppose 11*k + 6*k = 10*k + 371. Calculate the remainder when 243 is divided by k.
31
Let l(h) = 95*h + 3. Let o be l(1). Let p = -413 - -454. What is the remainder when p is divided by (-14)/o - (-106)/7?
11
Suppose 469 = 4*v - w, 2*v + 3*w = 93 + 124. What is the remainder when v is divided by 44?
28
Suppose 3*s + 2 = -5*x, -3*x = -3003*s + 3008*s - 2. Calculate the remainder when 27 is divided by s.
0
Let u = 7974 - 5436. Suppose 13*s - u = -34*s. What is the remainder when 538 is divided by s?
52
Suppose -29*f - 1217 = -39*f + 2753. What is the remainder when f is divided by 20?
17
Let o = 9888 - 9830. Calculate the remainder when 361 is divided by o.
13
Let j(b) = 12*b**2 - 237*b - 36. Let g = 91 + 20. What is the remainder when g is divided by j(20)?
15
Let t(l) = l**3 + l - 4. Let a be t(0). Let k = 7 - a. Suppose -k = 7*s - 8*s. What is the remainder when s is divided by 6?
5
Suppose 0*w = 4*i + 5*w - 79, i + 2*w - 19 = 0. Let c be 35/(-10)*(-6)/7. What is the remainder when i is divided by (-5)/1 - c*-4?
0
Let g(l) = 9*l**2 + 6*l - 5. Let o be g(3). Suppose -b = -90 + o. Calculate the remainder when 13 is divided by (-2 - (-1 + b)) + 7.
3
Suppose 20*p = 22*p + 2. What is the remainder when 180 is divided by 74/(-6)*(-5 - (-3 - p))?
32
Let p be (88 - (-12)/(-6))/1. Let d = 248 - p. Calculate the remainder when d is divided by 55.
52
Calculate the remainder when -10*15/300*-144 is divided by 48.
24
Suppose 29*i - 3922 = -8*i. What is the remainder when i is divided by 74?
32
Let k(i) = 45*i**2 - 412*i - 413. What is the remainder when 5013 is divided by k(-1)?
41
Suppose 0 = 14*g - 15*g + 17. Suppose -g*b + 500 = -129. Calculate the remainder when 443 is divided by b.
36
Suppose -5*q + 5*v - 40 = 0, 0 = q - 5*q - 5*v - 23. Let n = 9 + q. Suppose 6 + 18 = n*k. What is the remainder when k is divided by 7?
5
Calculate the remainder when (15 - 3)/(-4) + (-61*6)/(-1) is divided by 122.
119
Let b(x) = -x**3 + 23*x - 75. Calculate the remainder when b(-12) is divided by 138.
135
Let v be -3*(-2 + (-31)/3). Suppose 5*c + 2*o - 3*o = 31, 3*c - v = -4*o. What is the remainder when c is divided by 3?
1
Let p = -113211 - -113220. Suppose -2*i + 2 = -i. What is the remainder when p is divided by i?
1
Let y = -77 + 66. Let j(k) = -6*k + 40. Calculate the remainder when j(y) is divided by 23.
14
Suppose -2*h - 14 = 0, 2*q - 4*h - 3 = 51. What is the remainder when 9747 is divided by q?
10
Suppose 2*p + 4*l = 426, 5*p = -0*p - 4*l + 1071. Suppose 2*i = -207 + p. Calculate the remainder when 11 is divided by i.
3
Let v be 10/45 + 420/54. Let b = 31 - v. What is the remainder when 67 is divided by b?
21
Suppose 0 = 4*x - 5*p + 162, 3*x + 2*p = -2*x - 186. Let h = 59 - x. What is the remainder when h is divided by 20?
17
Let m be ((-4)/(-10) - (-726)/10) + 1. Let w = 117 - m. What is the remainder when w is divided by 6?
1
Let v = -59518 - -42447. Calculate the remainder when 118 is divided by v/(-301) + 2/7.
4
Let s(d) = 10*d - 6*d**3 + 2 - 4*d + 5*d + 7*d**3 + 8*d**2. Calculate the remainder when (2 + 0)*-8*-4 is divided by s(-5).
20
Let k = 187 - 180. Let h(q) = q**2 + 6*q - 17. What is the remainder when h(k) is divided by 19?
17
Let z = 6327 + -6316. What is the remainder when 7687 is divided by z?
9
Suppose 1199 + 581 = 4*k. Calculate the remainder when k is divided by 18.
13
What is the remainder when (-107772)/(-840) - 9/30 is divided by 62/5 + (-4)/10?
8
Let h be ((24/(-9))/(-4))/(6/(-171)). Let q = -4 - h. Suppose -6*t + q = -t. Calculate the remainder when 9 is divided by t.
0
Suppose 8*u - 4*i + 40 = 12*u, 2*u - i - 5 = 0. Let h be (-1 - 85/2)*-2. Let n = h - 50. What is the remainder when n is divided by u?
2
What is the remainder when 1839 is divided by 20 + 29 - (-24)/(-4)*2/4?
45
Let x(g) = -g**3 + 68*g**2 - 19*g - 6138. What is the remainder when 4006 is divided by x(66)?
46
Suppose -4*m + 5*c + 676 - 87 = 0, -2*m - 5*c = -287. Let l(d) = -3*d**2 - 16*d - 1. Calculate the remainder when m is divided by l(-5).
2
Let c be 11/((-11)/2) - -4*1. Suppose -4*g - d = -6*d - 119, -c*d - 6 = 0. What is the remai